0/(-8))/3 is divided by 31.
28
What is the remainder when 51 is divided by 168/(-32)*100/(-15)?
16
Let x = -1 - 1. Let v(m) = 8*m - 3*m - 17*m - 6*m. What is the remainder when v(x) is divided by 13?
10
Let t = 18 + -7. Suppose 5*l - 2 - 13 = 0. Suppose -4*i + 48 + 28 = 3*c, -2*i - 106 = -l*c. Calculate the remainder when c is divided by t.
10
Suppose 0 = -5*q + 5, 4*o - q = 7 + 12. What is the remainder when ((-4)/(-6))/((-2)/(-18)) is divided by o?
1
Let t = -3 - 2. Let q(y) = -10*y + 5. Let k(i) = -9*i + 4. Let h(b) = -2*k(b) + 3*q(b). What is the remainder when h(t) is divided by 14?
11
Suppose 1 - 5 = -q. Suppose 0*x = -q*x + 20. Let z = x - 0. Calculate the remainder when z is divided by 4.
1
Suppose -z + 9 = -5*c + 1, 3*z - 81 = -4*c. Calculate the remainder when z is divided by (-522)/58 - (-18)/1.
5
Let k(d) = d**2 + 5. Let l(n) = 2*n. Calculate the remainder when k(9) is divided by l(11).
20
Suppose 7 = -t - 3*t + 3*d, 0 = 2*t + d - 9. Let k(c) = c**2 + 1. Suppose -x + 3*v = -9, 4*x - v - 30 = 61. What is the remainder when x is divided by k(t)?
4
Suppose -t = -4*t - 135. What is the remainder when 2/6 + 40/(-12) - t is divided by 68/6 + (-3)/9?
9
Let n(l) = 5*l**2 + 2*l - 18. Suppose 3*h = -0 - 15. Calculate the remainder when n(h) is divided by 20.
17
Let i = -414 + 422. Let l(y) = y + 19. What is the remainder when l(0) is divided by i?
3
Calculate the remainder when (11/((-55)/96) + -1)*-5 is divided by 13.
10
Suppose 3*m = -31 - 23. Let v(f) = -f**3 - 18*f**2 - f. Suppose -z - 3 = -7. Calculate the remainder when v(m) is divided by z.
2
Suppose -4*q + 20 = 0, -4*k + 3*q - 36 = 7. Let y(g) = g**2 + 3 - 3 + 6*g + 6. Calculate the remainder when 23 is divided by y(k).
10
Let d = -14 - -21. Suppose d = 3*q + 1. Suppose -4*j + 3*j - 2*m + 34 = 0, q*m = 10. What is the remainder when j is divided by 13?
11
Let t(y) = -5*y**2 + 5*y + 4. Calculate the remainder when 28 is divided by t(0).
0
Suppose 0 = -7*w + 4*w + 15. Suppose w*j + 8 = 7*j. Suppose -2*d = -v - 19, -44 - 3 = -5*d + 3*v. What is the remainder when d is divided by j?
2
Let m = 30 + -3. Let f(n) = 5*n - 3. Calculate the remainder when m is divided by f(2).
6
Let c = -133 - 123. Let x be (2*(-177)/8)/(7/28). Let h = x - c. Calculate the remainder when h is divided by 27.
25
Suppose -5*x = k - 68, 107*k - 5*x - 98 = 106*k. What is the remainder when 218 is divided by k?
52
Suppose -2*d + 0*d + 20 = 0. Calculate the remainder when 63/(-9) + -2 + 36 is divided by d.
7
Let q = 906 - 888. Calculate the remainder when 49 is divided by q.
13
Let q(w) = -6*w - 85. Suppose 8*y + 216 = 56. Calculate the remainder when q(y) is divided by 13.
9
Suppose 71*g = 1429 + 1695. What is the remainder when g is divided by 23?
21
Let d(k) = 7*k + 25. Let p(g) = -5*g - 4. Calculate the remainder when d(4) is divided by p(-3).
9
Suppose 4*z = 3*d - 30, -1 = -3*d - 5*z + 2. Suppose -2*n + 3*p = -4*n + 30, -p + 60 = 4*n. Let m = 25 - n. What is the remainder when m is divided by d?
4
Suppose 0 = -5*t + 8*s + 69, 0 = -4*t - s + 48 - 15. What is the remainder when 455 is divided by t?
5
Let f = -1403 + 1507. Calculate the remainder when f is divided by 23.
12
Let z = 93 - 161. Let p = -52 - z. Calculate the remainder when p is divided by (-4)/(-14) + 33/7.
1
Suppose 1416 = 5*h + h. Suppose r - 5*r + h = 0. Suppose 2*d - 19 - r = 0. What is the remainder when d is divided by 21?
18
Let g(f) = f**3 + 8*f**2 - 11*f + 13. Let y be g(-9). Suppose -74 = -2*b - 5*q + y, 3*b - 2*q = 129. What is the remainder when 178 is divided by b?
43
Let q(b) = -3*b**3 - 4*b**2 - 2*b. Let z be q(-2). Suppose -33*p + z = -31*p. Let k = 14 - -1. What is the remainder when k is divided by p?
3
Let k(t) = t**3 + 6*t**2 - 10*t - 9. What is the remainder when 43 is divided by k(-7)?
7
Let g(f) = 2*f**3 + 15*f**2 - 12*f + 102. What is the remainder when g(9) is divided by 30?
27
Calculate the remainder when 543 is divided by 1190/(-21)*30/(-25).
67
Let g = 51 - 46. Let i = g + -2. What is the remainder when 23 is divided by i?
2
Let t(d) = -2*d**2 + 2*d + 11. Let o(k) = k**2 - k - 9. Let y(m) = -3*o(m) - 2*t(m). Calculate the remainder when y(7) is divided by 2/(-4) + (-50)/(-4).
11
Let f = 172 + -115. Calculate the remainder when f is divided by 12.
9
Let n = 92 - 50. Let x = -239 + 248. What is the remainder when n is divided by x?
6
Let d = 647 - 617. What is the remainder when 2428 is divided by d?
28
Calculate the remainder when (((-495264)/(-36))/(-28))/((-2)/12) is divided by 50.
48
Let d = 2789 - 944. Calculate the remainder when d is divided by 77.
74
Suppose 5*a - 17 = 128. Let x be 45 + 12/4 - 3. Suppose 2*n + x = 5*n. What is the remainder when a is divided by n?
14
Let f be (0 + -8 - -6) + 7 + -1. Suppose 5*d + 4*k - 122 = -0, -4*d = -5*k - 114. Suppose -d = f*g - 434. What is the remainder when g is divided by 35?
32
Calculate the remainder when (-2685)/(-6) + 3/6*-1 is divided by 15.
12
Let y(o) = o**3 + 11*o**2 - 11*o + 3. Suppose 3*b + 22 = -17. Let p be y(b). What is the remainder when (-18)/(-8)*p/(-36) is divided by 5?
2
Suppose -2*f + 3*a + 23 = 0, 4*f - 3*a = a + 48. Calculate the remainder when 23 is divided by f.
10
Let m = 126 - 67. Suppose 4*w - 2*f - 104 = 0, -f + 12 + 36 = 2*w. Suppose a + w = r, -3*r + a = 2*a - m. Calculate the remainder when r is divided by 8.
5
Suppose 3*v + 10 + 4 = 2*u, -17 = -u + 4*v. Suppose -u = -4*i + 2*x + 7, 2*i - 4 = -5*x. Let l = 127 + -121. Calculate the remainder when l is divided by i.
0
Let v(b) = 2*b**3 - b + 2*b**2 + 5 - 3*b**3 - 6*b**3 + 6*b**3. Let n be v(4). Let u = -21 - n. What is the remainder when u is divided by 6?
4
Let o(a) = -2*a**3 - 12*a**2 - 16*a - 38. Let s = 67 - 47. What is the remainder when o(-6) is divided by s?
18
Let g(b) = b - 7. Calculate the remainder when 765 is divided by g(19).
9
Let g(b) be the second derivative of 5*b**4/2 - b**3/3 - b**2 - 11*b. What is the remainder when g(-1) is divided by 19?
11
Let l(p) be the third derivative of p**6/120 - p**5/15 - 2*p**4/3 - 4*p**3/3 + 13*p**2. What is the remainder when l(7) is divided by 10?
7
Let s be 2/((-58)/15 + 4). What is the remainder when 90 is divided by ((-3)/(s/(-13)))/((-4)/(-20))?
12
Let z(f) = f**2 - 3*f - 1. Suppose -30 = a + 5. Let i = 18 - a. What is the remainder when i is divided by z(7)?
26
Let x = 4 + 3. Let v(t) = -t - 8. Let d be v(-11). Suppose 0 = -d*l - l + 52. Calculate the remainder when l is divided by x.
6
Let p(o) = -o**2 + 13*o + 16. Let v = 38 - 26. What is the remainder when p(v) is divided by 16?
12
Let o = -64 - -129. Calculate the remainder when ((-58)/4)/1*-2 is divided by o/(-39)*(-6)/(1 - 0).
9
Suppose 2*h = o + 93 + 64, 0 = -4*h - 3*o + 309. Let r = h - 75. Calculate the remainder when 12 is divided by r.
0
Let a(c) = 13*c**3 + 7*c - 8. Let v(y) = y**3 - 3*y**2 - 8*y - 2. What is the remainder when v(6) is divided by a(1)?
10
Suppose 26 = 4*g - r - 2*r, 3*g + 3*r = 30. Suppose 0 = g*d - 22 - 146. What is the remainder when 82 is divided by d?
19
Suppose -11 - 3 = -2*m - 2*z, -4*z = -2*m + 38. Suppose -133 = -m*l + 4*l. Suppose -5*t + 44 = -t. What is the remainder when l is divided by t?
8
Let q(r) be the third derivative of r**5/60 + r**4/12 + 7*r**3/2 + 13*r**2. Let a = 149 + -89. What is the remainder when a is divided by q(0)?
18
Let o be (-1)/(0 + (-3)/15). What is the remainder when 39 is divided by o/(-5)*(2 + -7)?
4
Calculate the remainder when 1*89 - 55/55 is divided by 6.
4
Let p(n) be the first derivative of n**3/3 - n**2 + 12*n + 13. Calculate the remainder when p(0) is divided by 5.
2
Suppose -2*u + 53 + 205 = 0. Let f(n) = n**2 + 10*n - 6. What is the remainder when u is divided by f(-13)?
30
Let v(i) = 2*i**2 - 2 - 2*i + 0 + 4. Suppose 0 = -2*g + 4*a + 8, 2*g + 8*a - 9*a + 4 = 0. What is the remainder when v(g) is divided by 15?
12
Let g(u) = -u**3 - 7*u**2 + 22*u - 120. What is the remainder when g(-12) is divided by 49?
42
Let d = -38 - -60. Let i be (342/(-152))/((-1)/(-8)). Let l = i + d. Calculate the remainder when 13 is divided by l.
1
Suppose 4*b + 612 = 5*u, -50*u + 45*u + b = -618. Calculate the remainder when 350 is divided by u.
102
Suppose -5*s = -8*s + 12. Suppose -2*r + 6 = 0, -s*w = -5*r + r - 28. Calculate the rema